. Suppose -c = -10*c + f. Is c prime?
False
Suppose -161351 = 2*w - 64111. Is -3 + 3/(-7) + w/(-28) composite?
False
Let m(y) = 4040*y**2 - 32*y - 85. Is m(-12) composite?
True
Let s = 84547 - 52650. Is s prime?
False
Suppose -108022 = -3*a - 27184. Let y = a - 13264. Is y composite?
True
Is 8/(24/90891) - (-1 + (-45)/(-9)) composite?
False
Let d = 1208859 + -604682. Is d a prime number?
False
Suppose -25*n + 27529 = -5671. Let w = n - -1611. Is w composite?
False
Suppose -5*p - 211 - 244 = 0. Let m = p + 148. Is m a prime number?
False
Suppose 0 = 11*h - 587132 - 1675248 - 1017303. Is h composite?
False
Let f = 5371 + -2666. Let m(c) = -c**3 - 6*c**2 - c + 5. Let x be m(-6). Suppose -x*u = -6*u - f. Is u a prime number?
True
Suppose 97*g - 19028892 = -196*g + 112168597. Is g composite?
True
Suppose 5*u - 4*x = -x + 218, 4*x = -4. Let a = u + -41. Suppose -3*f + 471 = a*h, 5*h - 627 = -4*f + 2*h. Is f composite?
True
Suppose 10 = 9*c - 98. Suppose -5*y - 553 = -c*y. Is y a prime number?
True
Is (((-4)/((-40)/(-14786)))/((-2)/(-10)))/(-1) a composite number?
False
Suppose j + 7 = -2*b, 5*b = -j + 10*b + 28. Is (-9)/j - (6328/(-4) + 5) a composite number?
True
Suppose -210*z + 116495405 = -145*z. Is z a prime number?
True
Suppose -3*t = 4*y - 13, -4*t + y - 6*y + 16 = 0. Let k(z) = -787*z**3 + z + 1. Is k(t) a prime number?
True
Suppose 53*h - 681641 = 6*h. Is h a composite number?
False
Suppose -2*i = i - 2982. Suppose 3*h + 3*s = 140 + i, -5*h + s = -1860. Let l = -170 + h. Is l prime?
False
Let n(v) = 36*v**3 - 15*v**2 + 2*v. Let s be n(6). Suppose -2*z + s = -5188. Is z prime?
False
Let z(n) = -5*n**3 + 35*n**2 - 11*n + 6. Let s(k) = 3*k**3 - 18*k**2 + 6*k - 3. Let r(i) = -7*s(i) - 4*z(i). Let u be r(-10). Let m = 1464 + u. Is m prime?
False
Let n(s) = -87*s**3 + 4*s + 6. Let f be n(-4). Suppose -f = -2*l - 2*v, -l + v - 6 = -2795. Let d = -883 + l. Is d prime?
True
Let p be (16/(-4) - -4)/3. Suppose p = 3*u + 2*u - 70. Is (-5)/(-1 - u) - 1058/(-3) a prime number?
True
Suppose 29*b - 33*b + 26000 = 0. Suppose -b = -6*m + 15622. Is m prime?
False
Let y = -3052 + 29289. Is y composite?
False
Suppose 0*s + 4*s + 1848 = 0. Let m(f) = 106*f + 30. Let d be m(-1). Let r = d - s. Is r composite?
True
Suppose -6*z - 7*z = -26. Suppose -22*d + z*c + 158174 = -18*d, 197725 = 5*d - 4*c. Is d prime?
True
Is 55/11 - (-213306)/33 - (-10)/55 composite?
False
Let s = -2918 + 1737. Suppose 3*d = -2*u + 5406, 2*u = -3*d + 6*u + 5424. Let y = s + d. Is y composite?
True
Let g = 64 + -61. Let c be ((-1)/g)/((-5)/43170*1). Suppose -6*f = -c - 3524. Is f a prime number?
False
Suppose 2*l - 7 = o, 0 = 4*l - 3*o - 11 + 2. Suppose -4*u = 5*n + 8, 26 = n - l*n + 2*u. Is ((-40)/(-10))/(n/(-166)) prime?
False
Suppose -18140 = 3*i - 2*h - 71935, -35856 = -2*i + 5*h. Is i prime?
False
Suppose 56 = 10*x + 4*x. Suppose -4*j = 3*g - 19785, 5*g + 32983 = 10*g + x*j. Is g composite?
False
Suppose -9*g + 4*i + 12 = -4*g, 2 = i. Suppose 3905 = 5*z - g*o, 4*z + 3*o - 3165 = -2*o. Let n = z + 30. Is n a prime number?
False
Let i(l) = -l**2 - 3*l - 7. Let c be i(-2). Is 13/c*3345/(-3) prime?
False
Let d(k) = -9*k - 97. Let t be d(-11). Is (-5 + 5)/(t/(-2)) - -4871 a composite number?
False
Let w(v) = -29*v - 1. Let x = 68 + -71. Let o be w(x). Let u = o - -35. Is u a prime number?
False
Suppose u = 6*u - 820. Let b = 527 + u. Is b a prime number?
True
Let d = -1 - -3. Let j(q) = 3*q - 2*q + 57*q**d + 2 - 28*q**3 - 1 - 54*q**2. Is j(-2) prime?
False
Let y be 1 - (-4 - (-1)/1). Let f be ((-6)/4)/(y/(-8)). Is ((-115)/(-10) - f)*178 a prime number?
False
Let w(h) = -h**3 - h**2 - h + 52. Let d be w(0). Suppose 137 - 11 = -14*t - 126. Let g = t + d. Is g prime?
False
Is 40135/(-92)*-556 + -12 a prime number?
False
Suppose 0*o - 343 = -o + 5*x, 5*o - x - 1835 = 0. Suppose -5*p = r - 1826, -p - r = 2*r - o. Let l = p - 100. Is l prime?
False
Let x(d) = 152*d**3 + 18*d**2 + 24*d - 24. Let j(c) = 151*c**3 + 21*c**2 + 24*c - 25. Let w(u) = -5*j(u) + 6*x(u). Is w(5) composite?
False
Let j = 91 - 80. Suppose j = 7*v - 17. Suppose -v*k = 2*k - 52458. Is k prime?
False
Let p(n) = 24*n**2 - 9*n - 21. Let t be p(-5). Let h = 698 - t. Is h a prime number?
False
Let v = 1634 - 3717. Let m = -3551 + 2363. Let f = m - v. Is f a prime number?
False
Suppose 15056 - 2537 = 9*z. Let y = -334 + z. Is y prime?
False
Suppose 50 = 27*o - 2*o. Is -4 - (-96 - (3/(-3) - o)) a prime number?
True
Suppose 5*n + 20 = n, 5*d + 2*n + 10 = 0. Suppose d = -12*r + 78563 + 19081. Is r prime?
False
Let k(v) be the first derivative of 3*v**2/2 + 10*v - 4. Let l(g) = -g**2 + 6*g - 2. Let n be l(5). Is k(n) a prime number?
True
Suppose 3*g + 6099 + 12240 = 6*g. Is g composite?
False
Suppose 3*v = 5*k - 202112, -5*v + 48049 = 11*k - 396609. Is k a composite number?
False
Let v(y) = -58 - 29*y + 213 - 67 + 80*y - 63 + 13*y**2. Is v(20) composite?
True
Suppose -5*z + 1459645 = 7*z - z. Is z prime?
False
Suppose 26*p - 24*p + 3*x - 10148 = 0, p = -5*x + 5067. Is p composite?
False
Let g(f) = -2*f**2 - 2*f - 7*f**2 - 422 + 10*f**2 - 51. Let b be g(0). Let d = 738 - b. Is d prime?
False
Let u = -3868 + 4473. Let t be (-2)/4 - 2981/(-2). Suppose -5*c + u = -t. Is c composite?
False
Let l(n) = -3*n + 123565. Let v be l(0). Is ((2/(-10))/(-1))/(13/v) prime?
True
Suppose -4*n + 53064 = 4*b, 3*n = 5*b - 10*b + 39794. Suppose 9*i - 36241 = n. Is i composite?
False
Let w(y) = -2*y - 7 - 13*y + 6*y**3 + 10*y**3 + 4 - 20*y**2. Let k(x) = 11*x**3 - 13*x**2 - 10*x - 2. Let n(j) = 7*k(j) - 5*w(j). Is n(-6) a composite number?
True
Suppose 69*v - 30*v = -92*v + 52415851. Is v prime?
False
Let l = -545707 - -784826. Is l a composite number?
False
Let o = -7731 + 29072. Is o a prime number?
True
Let w(s) = 6*s - 34. Let n be w(6). Suppose n*k + g - 3891 = 0, 5*g - 4 = 21. Is k prime?
False
Let i(v) = v**2 + v. Let n be (-1)/(-3)*(2 - (-2 + -2)). Let s be i(n). Suppose 3*d - s*d + 2*z = -3839, -2*d = z - 2571. Is d composite?
False
Suppose -15*b - 33 = -26*b. Suppose b*i - 11322 = 3297. Is i a composite number?
True
Is 181947 - ((-112)/(-196))/(-2*2/(-28)) a composite number?
False
Let y be (((-648)/32)/(-27))/(2/24). Suppose 5*f + 5*p - 47565 = 0, -3*f + y*p - 5*p + 28567 = 0. Is f a prime number?
False
Let b(u) = u + 41. Let w be b(11). Let a = 25 + w. Is a a composite number?
True
Suppose 21294683 = 626*c + 16494521 - 22281224. Is c a composite number?
False
Let k be (-11 + 7)*14*(-2)/(-16). Let w(p) = -159*p - 16. Let d(l) = -318*l - 32. Let g(b) = 6*d(b) - 11*w(b). Is g(k) a composite number?
False
Suppose -h = -3*w - 3, -45*h + 2 = -2*w - 48*h. Is 2 + (19/(-57))/(w/50613) a composite number?
True
Let q be -4*(-8 - -2 - -5). Suppose q*k = -k + 4625. Suppose -10*u + 15*u = k. Is u prime?
False
Let j = -304771 - -573174. Is j composite?
False
Is (-5006847)/(-46)*4/6 composite?
True
Let z = -40 + 40. Suppose -4*c + 46*d + 5399 = 49*d, -5*c + 4*d + 6710 = 0. Suppose z = 3*r - c - 865. Is r a prime number?
False
Suppose -4*w + 3 = 5*n - 19, 0 = 3*w - 2*n - 28. Suppose -2*j - 8 = 0, -2*j = -w*k + 11*k - 52009. Is k a composite number?
True
Suppose -4405 + 14107 = 21*w. Suppose 0 = 4*m + 5*i + 20, i - 2*i + 5 = -m. Is m - (9/3 - w) composite?
True
Is 650157/5 - 2/5 a composite number?
True
Let n be 1495426/(-12) + (-23)/138. Is n/(-99) + 2*(-2)/(-18) prime?
True
Let o(p) = 86*p**2 - 12*p - 2599. Is o(42) a composite number?
True
Is 871/156*112815/6 + (-3)/(-8) composite?
True
Let x(s) = -28*s**3 - 2*s**2 - 13*s + 2. Let y(i) = 27*i**3 + 3*i**2 + 12*i - 3. Let q(c) = -4*x(c) - 5*y(c). Is q(-4) a prime number?
True
Let m be (-3 + (4 - 4))*(-4)/3. Is (12 - 8) + (-2)/(m/(-2130)) a composite number?
False
Suppose 40*g - 421101 = 324379. Is g a prime number?
True
Suppose 99840442 = 44*x - 68134266. Is x a composite number?
False
Is ((-40)/(-10) - -417717) + 3*-4 a composite number?
True
Suppose -369 - 954 = -9*h. Let z = h - -1252. Is z a prime number?
True
Suppose o + 2*o = -2*y + 9, 4*y - o + 3 = 0. Let i(h) = -2*h**2 + 3*h + 234. Let f be i(y). Let w = f - 148. Is w a composite number?
True
Let k = -551 - -279. Suppose 0 = -5*z + 34 - 14. Is ((-93)/12)/(1092/k + z) a prime number?
False
Let s be ((-24)/20)/(4/(-10)). Let k(p) = 3136*p - 7. Let c b